*b + 5*d + u = -0*d, 5*d = 5*b - 15. Suppose 5*p = -b*r + 482, -p - r + 6*r + 74 = 0. What are the prime factors of p?
2, 47
Suppose 152*d - 2124203 = -747691. What are the prime factors of d?
2, 283
Suppose -3*d + 2*d + 450 = 0. Suppose 2*u - 5*u = -d. Suppose 2*x - 4*t = -0*t + u, -4*x + t = -265. What are the prime factors of x?
5, 13
Let w = -8 - -34. Suppose 5*b + 10 = 0, 4*j + 6*b - 826 = 3*b. List the prime factors of (-32)/j - (-888)/w.
2, 17
Suppose 3*t = 6, -b - 2*t = -3*b - 108. Let w = -35 - b. List the prime factors of w/((-6)/40 - (-4)/10).
2, 17
Suppose 28*b = -3*w + 24*b + 47117, -5*w + 78505 = -5*b. What are the prime factors of w?
41, 383
Let h(l) = -180*l - 1278. List the prime factors of h(-14).
2, 3, 23
Let c(x) = 114*x + 86. Let z(g) = -2*g - 1. Let y(f) = -c(f) - 6*z(f). List the prime factors of y(-12).
2, 11, 13
Let h = 1 + 5. Let g be 10/6*(13 - 4). Suppose -h*q + g = -9. List the prime factors of q.
2
Let c be 294/105*(389 + 1). Suppose -4*i + c = 2*d, d = i + 101 + 433. List the prime factors of d.
2, 269
Let n(z) = 437*z**2 - 600*z - 15. List the prime factors of n(-13).
2, 40819
Let l(k) = -k**2 - 4*k + 4. Suppose 3 - 17 = v + 5*q, q - 14 = 4*v. Let a be l(v). Suppose a*d - 19 - 21 = 0. List the prime factors of d.
2, 5
Let x be -4 - (20445/(-3) - 0). Suppose -22*j + x = 1245. List the prime factors of j.
11, 23
Suppose 0 = 4*w - 5*a - 28236, -4*w - 12*a + 28236 = -21*a. List the prime factors of w.
3, 13, 181
Let b = 41233 + -25377. List the prime factors of b.
2, 991
Let v = -8637 - -18547. List the prime factors of v.
2, 5, 991
Suppose -15*f + 20279 = -68656. What are the prime factors of f?
7, 11
Let l = -2673 + 2684. Let t = -11 - -26. List the prime factors of t/5 - (4 - l).
2, 5
Suppose -2843 = -3*p + 4*j, p - 953 = 6*j - 10*j. What are the prime factors of p?
13, 73
Suppose -2*v = 0, 6*k - 4*v - 8 = 2*k. Suppose 4*b - 882 = -k*b. What are the prime factors of b?
3, 7
Let t be (-36)/54*108/(-8). Suppose -8424 = -t*m + 1503. What are the prime factors of m?
1103
What are the prime factors of (3 - 21/6)/((-5)/66840)?
2, 3, 557
Let i(c) = 15*c**2 - 28*c - 1. Let n be i(-10). Suppose 3*y - 12 = 0, -3*y + n - 477 = 5*w. List the prime factors of w.
2, 3, 43
Let m be ((-176)/(-3))/2 + (-4)/12. Let l be (-38)/(-9) + (m/(-9) - -3). Suppose 0*j - r = -4*j + 349, r = -l*j + 347. List the prime factors of j.
3, 29
Let c = 11533 - -10377. What are the prime factors of c?
2, 5, 7, 313
Let l(r) = 429*r - 3929. List the prime factors of l(32).
41, 239
Let i(u) = -8*u - 29. Let o be i(-6). Let n = o + -17. Suppose 0*t = t + 2*v - 158, 2*v + 298 = n*t. What are the prime factors of t?
2, 19
Suppose -15*i + 24*i = 360. Suppose -25*k - 9390 = -i*k. List the prime factors of k.
2, 313
Suppose -4*j + k = -30099, -50*j - 15047 = -52*j + k. What are the prime factors of j?
2, 53, 71
Suppose 3*a - 7*a - 4*h = -33528, -5*a + 41928 = -h. What are the prime factors of a?
3, 5, 13, 43
Suppose 4*s + 4*v - 54 = -22, -5*s + 4 = -4*v. Suppose c - 853 = f, 2*c - s*f - 2104 = -400. List the prime factors of c.
2, 7, 61
Suppose -5*s = -5*r + 11790, r - 5*r + 9423 = -s. What are the prime factors of r?
3, 5, 157
Let m(j) = -j**3 - 34*j**2 - 336*j - 42. What are the prime factors of m(-44)?
2, 17, 59
List the prime factors of (2442 - 16) + -6 - -4.
2, 3, 101
Let s be (-5 - 90/(-6))*(-6358)/(-4). Suppose 22*l = s + 3201. What are the prime factors of l?
2, 7, 31
Let u(g) = 5*g**2 - 93*g - 14. Let z be u(21). Suppose -3235 = -z*a + 233*a. What are the prime factors of a?
647
What are the prime factors of ((-48)/(-60))/((-12)/(-86550))?
2, 5, 577
Let k(j) = -2*j - 22. Let g be k(-13). Suppose 35*h + g = 33*h. List the prime factors of h*3/36 - 1165/(-6).
2, 97
Suppose z = 5*y - 42683, 0 = -y - 5*z - 2168 + 10689. List the prime factors of y.
2, 11, 97
Let m = 246 - 360. Let y = m - -867. What are the prime factors of y?
3, 251
Let h = -15279 - -74626. List the prime factors of h.
17, 3491
Suppose 35*v - 39*v = -1308. Let y = 607 - v. List the prime factors of y.
2, 5, 7
Suppose 0 = 3*n - 8 - 4. Let r(y) = n + 76*y + 21*y - 7*y - 13*y. What are the prime factors of r(1)?
3
Let b(o) = 530*o**3 - 8*o**2 + 11*o + 5. What are the prime factors of b(2)?
5, 7, 11
Let x be -108 - (65/55 - (-2)/(-11)). Let j = 208 + x. What are the prime factors of j?
3, 11
Let d(s) = 5*s**2 + 5. Let w(m) = m**3 - 6*m**2 - m - 6. Let i(b) = -4*d(b) - 3*w(b). Let p be i(1). List the prime factors of 108/(-90)*110/p.
3, 11
Suppose -12*u + 344 - 4556 = 0. Let l = u - -842. List the prime factors of l.
491
Let s(p) be the first derivative of p**4/4 + 5*p**3/3 + p**2 + 7*p - 20. Let t be s(-5). List the prime factors of 72/15*(t + (-29)/(-3)).
2
Let t(y) = 46*y + 717. Let l be t(-15). Suppose 0 = -x + 2 + 6. Suppose -i + x + l = 0. What are the prime factors of i?
5, 7
Let u(d) = -d + 29. Let b(a) = -3*a - 1. Let z be b(-9). Let l be u(z). Suppose -q + 62 = -l*g, -q + 210 = 2*q - g. What are the prime factors of q?
71
Suppose o = -3*d + 29, -3*o = d - 0*o - 15. Let r = 33 + d. Suppose -514 = -4*t - r. List the prime factors of t.
2, 59
Suppose -7*p + 6 = -8. Suppose -p*o = o - 3*y + 12, 2*y - 2 = -o. List the prime factors of (6/18)/(o/(-666)).
3, 37
Let f = -77 + 95. Let o be (-1 - 2) + -15 + f. Suppose o = -6*p + 397 + 245. What are the prime factors of p?
107
Suppose -6954*q + 6926*q = -140. Let u = -2 + 5. Suppose -u*l - 5*c - 3 + 146 = 0, -137 = -2*l + q*c. List the prime factors of l.
2, 7
Suppose 12*g = 26748 + 18420. Suppose 17*v - g = -1095. List the prime factors of v.
157
Let q(f) be the second derivative of -f**5/20 + f**4 - f**3/3 - 3*f**2/2 - 19*f. Let y be 22/4*(-6)/(-3). List the prime factors of q(y).
2, 3
Suppose 0 = -3*o + 2*j + 1045, 1392 = 4*o - 0*o - 4*j. Let u = o + 188. List the prime factors of u.
3, 179
Let d be 0 - -480 - (-3 - (4 + -4)). Let b = d - 207. What are the prime factors of b?
2, 3, 23
Let m(d) = 53*d**2 - 2. Suppose 0 = -5*i + 2*c + 2*c - 2, 2*c = i + 4. What are the prime factors of m(i)?
2, 3, 5, 7
Suppose -u - 637 = -3*g, 5*u - 4*g = -1540 - 1623. Let b = u + 1076. What are the prime factors of b?
5, 89
Let h(f) = -7 + f - 20*f**2 + f**3 - f + f + f**3. Let n be h(10). Suppose 0 = 4*p - j - 14 - 32, 0 = 5*p + n*j - 49. List the prime factors of p.
11
Suppose -c - 4*w - 3 - 11 = 0, -2*w = -4*c + 16. Let t be (0/2)/(4/c). Suppose 7*u + 265 - 1112 = t. What are the prime factors of u?
11
Let w = 8440 + -633. List the prime factors of w.
37, 211
Let a = -44 - -35. Suppose 7*r = 5*r + 32. Let y = a + r. List the prime factors of y.
7
Let d(f) = 3*f**2 + 43*f - 22. Let z be d(-9). Let n = z - -455. What are the prime factors of n?
17
Let d(k) = 5*k**2 + 108*k + 31. Let s(g) = -21*g**2 - 434*g - 126. Let j(y) = -9*d(y) - 2*s(y). List the prime factors of j(-24).
3, 13, 19
Let g(a) = -a**3 - 54*a**2 + 180*a - 487. What are the prime factors of g(-62)?
5, 3821
Let b = 120 - 115. Suppose b*d = d + 908. What are the prime factors of d?
227
Suppose -179855 = -5*g - 3*s, -11*g + 5*s - 107897 = -14*g. List the prime factors of g.
2, 17987
Let q = -616 - -1346. Suppose -3*m + q = -3068. Suppose -m - 923 = -11*v. What are the prime factors of v?
199
Suppose -6*f + 8*f = 700. What are the prime factors of ((-406)/4 + -1)/((-35)/f)?
5, 41
Let g(s) = -7*s**2 + 23*s - 4. Let j(f) = -f**2 - f - 1. Let u(x) = g(x) - 6*j(x). Let a be u(15). Let d = a - 104. What are the prime factors of d?
2, 3
Suppose -15*m = -13*m - 1234. Let v = 1637 - m. What are the prime factors of v?
2, 3, 5, 17
Let k(c) = c - 3. Let r be -3 - (-4 - (-4)/1). Let l be k(r). Let g = 100 + l. What are the prime factors of g?
2, 47
Suppose -7*o + 3*o = 112. What are the prime factors of -114*119/o*2?
3, 17, 19
Let x(n) be the second derivative of 11*n**5/10 + n**4/6 + 2*n**2 - n + 28. What are the prime factors of x(3)?
2, 7, 11
Suppose x - 693 = -2*i + 2147, i + 6*x - 1409 = 0. What are the prime factors of i?
7, 29
Let d(p) = 209*p - 591. Let r(b) = -139*b + 395. Let a(c) = -5*d(c) - 8*r(c). List the prime factors of a(20).
5, 227
List the prime factors of 41272/462*1194/8.
67, 199
Let u(t) = -4*t**2 + 21*t + 10. Let n(c) = -2*c**2 + 11*c + 5. Let a(l) = 2*l + 27. Let x be a(-11). 